site number?
False
Is 198613 a prime number?
True
Is 14743 a prime number?
False
Is 481997 composite?
False
Is 373859 prime?
True
Is 85513 a composite number?
False
Is 772493 a prime number?
True
Is 13537 a composite number?
False
Is 84787 composite?
False
Is 95359 prime?
False
Is 102217 prime?
True
Is 581 a prime number?
False
Is 1365703 a composite number?
False
Is 355 composite?
True
Is 9311 composite?
False
Is 53951 a prime number?
True
Is 1082 a prime number?
False
Is 19535 a prime number?
False
Is 54101 prime?
True
Is 52339 composite?
True
Is 46559 prime?
True
Is 5755 a prime number?
False
Is 20929 composite?
False
Is 73126 prime?
False
Is 1831 a composite number?
False
Is 1191689 a composite number?
True
Is 2638 a composite number?
True
Is 145271 prime?
False
Is 6101 prime?
True
Is 7993 composite?
False
Is 157103 a prime number?
True
Is 93263 a prime number?
True
Is 16873 a composite number?
True
Is 27031 prime?
True
Is 3864331 a prime number?
True
Is 649927 composite?
True
Is 435481 composite?
False
Is 399719 prime?
True
Is 2444669 prime?
True
Is 46286 composite?
True
Is 12959 a composite number?
False
Is 356339 prime?
False
Is 517 a composite number?
True
Is 5347 composite?
False
Is 169714 prime?
False
Is 816467 a composite number?
True
Is 304187 a composite number?
True
Is 65465 a prime number?
False
Is 12333 a prime number?
False
Is 125747 prime?
False
Is 32647 a composite number?
False
Is 484039 composite?
True
Is 21963 a prime number?
False
Is 276153 a prime number?
False
Is 39251 prime?
True
Is 208739 a prime number?
True
Is 73317 prime?
False
Is 44353 a prime number?
False
Is 110251 composite?
False
Is 136727 prime?
True
Is 52329 prime?
False
Is 1259 prime?
True
Is 195179 prime?
False
Is 13441 composite?
False
Is 402231 composite?
True
Is 1319 a composite number?
False
Is 124861 a composite number?
True
Is 2797031 a composite number?
False
Is 170441 composite?
False
Is 40957 a prime number?
False
Is 12601 composite?
False
Is 3453 a composite number?
True
Is 2306769 a composite number?
True
Is 32603 composite?
False
Is 5087 composite?
False
Is 479 composite?
False
Is 1711 a prime number?
False
Is 3643 a prime number?
True
Is 8653 composite?
True
Is 28173 prime?
False
Is 1416293 a prime number?
True
Is 7418 a composite number?
True
Is 1077787 prime?
False
Is 409 composite?
False
Is 938099 prime?
True
Is 87755 composite?
True
Is 1903489 composite?
True
Is 92182 a composite number?
True
Is 13171 a prime number?
True
Is 67103 prime?
True
Is 319 a composite number?
True
Is 136889 prime?
True
Is 15833 a composite number?
True
Is 4561 a prime number?
True
Is 3073 a prime number?
False
Is 29101 a composite number?
False
Is 68135 prime?
False
Is 7321 prime?
True
Is 873959 a prime number?
True
Is 954307 composite?
False
Is 47563 prime?
True
Is 1831 a prime number?
True
Is 56777 composite?
True
Is 18539 a composite number?
False
Is 416555 a composite number?
True
Is 19577 a composite number?
False
Is 124513 composite?
False
Is 4907 composite?
True
Is 6803 a prime number?
True
Is 150269 prime?
False
Is 22063 a composite number?
False
Is 540107 prime?
False
Is 285377 prime?
True
Is 579353 a prime number?
True
Is 41039 prime?
True
Is 62459 prime?
True
Is 54751 composite?
False
Is 88051 composite?
True
Is 4197 composite?
True
Is 18353 composite?
False
Is 116411 composite?
False
Is 25273 composite?
True
Is 12406 composite?
True
Is 252589 a prime number?
True
Is 730049 a prime number?
True
Is 1831181 a composite number?
True
Is 4327 prime?
True
Is 1597 a prime number?
True
Is 71453 prime?
True
Is 2321 a composite number?
True
Is 63997 a prime number?
True
Is 10267 a composite number?
False
Is 35729 a prime number?
True
Is 4765 a prime number?
False
Is 3688757 composite?
False
Is 1444043 composite?
False
Is 88427 prime?
True
Is 1021697 a composite number?
False
Is 48077 composite?
True
Is 21089 prime?
True
Is 1266599 a composite number?
True
Is 117217 prime?
False
Is 85433 prime?
False
Is 21799 composite?
False
Is 3866171 a prime number?
True
Is 1481713 prime?
False
Is 102397 prime?
True
Is 68863 composite?
False
Is 80453 composite?
True
Is 1846087 a composite number?
True
Is 478337 prime?
False
Is 7409 prime?
False
Is 21281 a composite number?
True
Is 616897 a composite number?
False
Is 86101 prime?
False
Is 11299 prime?
True
Is 8223 prime?
False
Is 500231 a prime number?
True
Is 6407 a composite number?
True
Is 7627 prime?
False
Is 286811 a prime number?
False
Is 135781 prime?
True
Is 91313 a prime number?
False
Is 980779 a prime number?
False
Is 12227 prime?
True
Is 1423159 prime?
True
Is 67 prime?
True
Is 191017 a prime number?
False
Is 384371 prime?
False
Is 37731 composite?
True
Is 798001 a prime number?
False
Is 18199 prime?
True
Is 38821 a composite number?
False
Is 63205 composite?
True
Is 86407 prime?
False
Is 1741 prime?
True
Is 182813 a prime number?
True
Is 33209 composite?
True
Is 20873 prime?
True
Is 49435 prime?
False
Is 108917 a prime number?
True
Is 126287 composite?
True
Is 18553 composite?
False
Is 68033 prime?
False
Is 31471 composite?
True
Is 49429 prime?
True
Is 103 a prime number?
True
Is 8509 prime?
False
Is 3563 composite?
True
Is 7397 prime?
False
Is 506729 composite?
False
Is 14439 composite?
True
Is 60811 prime?
True
Is 77431 a composite number?
False
Is 10239 composite?
True
Is 99947 a prime number?
False
Is 11311 a composite number?
False
Is 2153 a prime number?
True
Is 127817 composite?
False
Is 133583 prime?
True
Is 411377 prime?
False
Is 443699 a prime number?
False
Is 219839 prime?
True
Is 38638 a composite number?
True
Is 21401 a composite number?
False
Is 5197 prime?
True
Is 451031 a composite number?
True
Is 240085 a composite number?
True
Is 75479 composite?
False
Is 351643 prime?
True
Is 1973 a prime number?
True
Is 505477 a prime number?
False
Is 3511 prime?
True
Is 704111 a prime number?
True
Is 580163 composite?
False
Is 1470373 a composite number?
False
Is 7069 composite?
False
Is 120565 a prime number?
False
Is 896813 composite?
True
Is 14873 composite?
True
Is 108983 composite?
True
Is 869 a composite number?
True
Is 1474397 prime?
True
Is 2787 prime?
False
Is 95306 prime?
False
Is 74567 a composite number?
False
Is 28693 composite?
True
Is 5923 prime?
True
Is 2498 a composite number?
True
Is 20807 composite?
False
Is 826753 a composite number?
False
Is 24793 a prime number?
True
Is 659419 prime?
True
Is 327917 composite?
False
Is 74351 a prime number?
False
Is 38245 composite?
True
Is 39761 prime?
True
Is 108973 prime?
False
Is 144331 a composite number?
True
Is 69061 a composite number?
False
Is 207617 prime?
False
Is 3845 composite?
True
Is 992533 a composite number?
True
Is 961241 prime?
True
Is 122 composite?
True
Is 13561 composite?
True
Is 39607 a composite number?
False
Is 4699 composite?
True
Is 5077 prime?
True
Is 5311 a composite number?
True
Is 101191 prime?
False
Is 1492081 prime?
False
Is 52553 composite?
False
Is 389183 prime?
False
Is 4201 prime?
True
Is 576373 composite?
True
Is 138793 a prime number?
True
Is 16249 a prime number?
True
Is 1865 prime?
False
Is 122443 composite?
False
Is 8057 a prime number?
False
Is 9523 composite?
True
Is 376019 a composite number?
True
Is 191413 prime?
True
Is 6499 composite?
True
Is 4979 prime?
False
Is 104579 composite?
False
Is 2533097 prime?
False
Is 1078691 composite?
False
Is 4807102 a prime number?
False
Is 203531 composite?
False
Is 3293 a prime number?
False
Is 14837 a composite number?
True
Is 863609 a composite number?
False
Is 689181 a prime number?
False
Is 47503 composite?
True
Is 188893 composite?
True
Is 28781 composite?
True
Is 637046 a prime number?
False
Is 139661 composite?
False
Is 108411 composite?
True
Is 89185 composite?
True
Is 277249 prime?
False
Is 408379 composite?
False
Is 7753 a prime number?
True
Is 90227 a prime number?
True
Is 1390729 prime?
True
Is 7186 a composite number?
True
Is 818 prime?
False
Is 8495 composite?
True
Is 6803 a prime number?
True
Is 331 a composite number?
False
Is 18021 a prime number?
False
Is 117203 composite?
False
Is 79927 a prime number?
False
Is 283259 composite?
True
Is 15689 a prime number?
False
Is 28201 composite?
False
Is 4305121 a composite number?
False
Is 1143941 prime?
False
Is